 k(z).
1
Let w(t) = -t**3 - 6*t**2 - t - 2. Let f be 0 + 2 - -3*16/(-6). Calculate w(f).
4
Suppose -i - 5*n = 4*i - 15, -2 = -2*i - 4*n. Let h = 4 - 1. Let o(m) = -2 + h*m - 1 + 1 - 4. Calculate o(i).
9
Let g(j) = -j**3 - 2*j**2 + 3*j - 2. Let y be 1 - (0 + 0) - -3. Suppose 3*u + 5 = -y. Determine g(u).
-2
Let p(w) be the first derivative of -w**4/4 + 4*w**3/3 + w**2/2 - 6*w - 43. What is p(5)?
-26
Suppose -3*p - 1 = -2*a, 9*p - 6*p - 34 = -5*a. Let b(s) = 0 + 0*s + 3 + 3*s. What is b(a)?
18
Let z(q) = 2*q - 1. Let v(m) = -m + 1. Suppose -4*h - 15 = h. Let s(u) = h*z(u) - 4*v(u). Calculate s(-3).
5
Let w(k) = -4*k**2 - 3*k + 3 + k**3 + 0 - k. Suppose -4*x + 5*x - 5 = 0. Give w(x).
8
Let p(h) = -4*h**2 + h. Let w(g) = -g**2 + 8*g - 1. Let t be w(8). Calculate p(t).
-5
Let g(u) = -u. Suppose -4*p = p - 3*l - 58, -4*l - 4 = 0. Let h = -15 + p. Give g(h).
4
Suppose -4*s = -5*o - 7, -2*o + 10 + 7 = 5*s. Let b(p) = p - 7 + 0 + s + 3. Give b(-5).
-6
Let q(l) be the second derivative of l**3/6 + 7*l**2/2 - 2*l. Suppose 6 = 2*x + x. Suppose 0 = -x*v + v. What is q(v)?
7
Suppose -1 + 3 = c. Let v(n) = 2 - 1 - c*n + 11*n. Give v(-1).
-8
Let w(t) be the third derivative of t**4/4 + t**3/6 - 13*t**2. Determine w(1).
7
Let f(d) = d - 2. Let p be f(-5). Let c(n) = n + 3. Let s be c(7). Let g = s + p. Let l(a) = -a**3 + 4*a**2 - 4. Calculate l(g).
5
Let g(q) = 3*q + 4. Let s(a) be the second derivative of 4*a**3/3 + 6*a**2 - 2*a. Let f(k) = -11*g(k) + 4*s(k). Let c be 0 - -1 - (3 - 4). What is f(c)?
2
Let x(f) = 2*f**3 - 2*f**2 + 2*f - 3. Let j = 17 + -15. Calculate x(j).
9
Let f be 18/6 + (1 - 1). Let x(o) = -f + 4*o + 0 - 4*o - o**2 - 4*o. Give x(-4).
-3
Let c(i) = -5*i**2 - i + 20. Let w(d) = d**2 - 4. Let t(q) = 2*c(q) + 11*w(q). Determine t(3).
-1
Let k(o) = o - 1. Let m be -2 + 9 + 2 + -4. Suppose m*y = -0*y. Suppose y = r - 4*r. Give k(r).
-1
Suppose 0 = -3*r, -3*c - r - 3 = -0*c. Let d be (c + (1 - 1))*-9. Let x(j) = d*j**2 + j**2 - 3*j**2. Give x(-1).
7
Let h = -7 + 15. Let t(u) = 0 - h*u - 4 + 10*u. Determine t(4).
4
Let c(x) = -2*x**2 + 1. Let l(p) = -13*p**2 - 4*p + 8. Let u(d) = -6*c(d) + l(d). Suppose -10 = -5*k + 5*z, -z + 20 = 4*k + z. Suppose k = 2*v - 3*v. Give u(v).
2
Let k be -6*2/(-7 - -1). Let p(h) = -h**2 + 3*h - 2. Give p(k).
0
Let j(z) = -z**2 - 1. Let u(h) = h + 4. Let y(c) = 4*j(c) + u(c). Give y(-2).
-18
Let p(r) = r**3 - 2*r**2 + 2*r - 1. Let w(i) = -2*i - 6. Let f be w(-4). Suppose 0 = z - 3*h - 2 - 7, 0 = 5*z + f*h + 6. Suppose -4 = -4*n - z. What is p(n)?
0
Let l(a) = a. Let o(h) = -h**2 - 5*h - 3. Let p be o(-3). Suppose -8 = x - p*x. What is l(x)?
4
Let u be (0 + -2 + 0)*7. Let t = u - -10. Let a(m) be the second derivative of -m**3/6 - m. Calculate a(t).
4
Let a(b) = b - 7. Suppose 0*m + 2*m = 4, 4*p + 4*m = 48. Suppose -4*o + p = -2*o. Suppose -2*r + o*r = 0. What is a(r)?
-7
Let r be -3 + 1 + 1 + 1. Let u(i) be the third derivative of -1/6*i**4 - 1/3*i**3 + r*i + 0 + i**2. Give u(-2).
6
Let h(d) be the third derivative of 0 + 2*d**2 - 1/20*d**5 + 0*d + 0*d**3 + 1/8*d**4. Calculate h(2).
-6
Suppose 0 = -4*x - 8*s + 3*s - 16, -4*x + s - 40 = 0. Let k(z) = -z - 9. Determine k(x).
0
Let r(q) = q**2 - 8*q + 4. Let w = 57 - 49. Give r(w).
4
Let h(n) be the third derivative of n**5/60 - n**4/4 + n**3/6 + 8*n**2. Determine h(4).
-7
Let u(f) = -f**2 + 5*f. Let h(m) = m**2 + m - 16. Let j be h(-5). Calculate u(j).
4
Let c(j) = 3*j**3 - 2*j**2 - 7*j + 3. Let y(o) = -5*o**3 + 3*o**2 + 13*o - 6. Let l(m) = -7*c(m) - 4*y(m). What is l(2)?
-3
Let r = -1 + 3. Let i(n) = 2*n**3 + n + 2*n**3 + n - 5*n**3 - 4 - 2*n**r. What is i(-3)?
-1
Let k(n) be the second derivative of n**4/12 + 2*n**3/3 - 7*n**2/2 - 13*n + 1. What is k(-5)?
-2
Let l be (8/(-2))/(-2) - 5. Let d(x) be the second derivative of -x**5/20 - x**4/6 - x**3 - x**2/2 + 5*x. Let r(i) = i. Let a(y) = -d(y) - 6*r(y). Give a(l).
-8
Let u(f) = 0 + 1 + 0 - 8*f. Let i(m) = 16*m - 2. Let b(p) = -3*i(p) - 7*u(p). Determine b(-1).
-9
Suppose 0 = -5*h - i - 2 - 9, 0 = -h - 4*i + 13. Let o = -3 - -3. Let z(s) = o*s - 2*s**2 + 2*s + 6 - s**3 - 2. What is z(h)?
7
Let c = 2 + -1. Let r = c + 0. Let y(l) = -45 - 3*l + 46 - l. What is y(r)?
-3
Let r(x) = 3*x**2 + x + 6. Let p(s) = -s**2 - 1. Let u(y) = 2*p(y) + r(y). What is u(0)?
4
Let i(m) = -2*m + 1. Suppose -3*v + 2*v - 2 = 0. Let w = 1 + v. What is i(w)?
3
Let f(t) = -4*t**2 + 11*t + 15. Let x(l) = 3*l**2 - 7*l - 9. Let o(q) = 1. Let i(k) = o(k) - x(k). Let c(h) = 5*f(h) - 7*i(h). Calculate c(-6).
5
Let m(r) be the first derivative of -3 + 4*r - 1/4*r**4 - 1/2*r**2 + 4/3*r**3. Calculate m(4).
0
Suppose 0 = -0*y - 4*y. Let d(b) be the second derivative of b**6/720 - b**5/24 + b**4/12 + b. Let l(g) be the third derivative of d(g). Calculate l(y).
-5
Let p(j) = 2*j - 1. Let o = -14 + 9. Let w = o + -19. Let s be w/(-9)*(-6)/(-4). Give p(s).
7
Let x(u) = -u**2 - 19*u - 34. Let r be x(-17). Let h(m) = m**3 - 6*m**2 - 6*m + 8. Let i(z) = z**2 + z - 1. Let v(b) = h(b) + 6*i(b). Determine v(r).
2
Let y(q) = -q + 15. Let l be y(0). Let o = l - 11. Let x(b) = 2*b**2 - 2*b - 17. Let m(r) = r**2 - r - 9. Let c(f) = 7*m(f) - 4*x(f). Calculate c(o).
-7
Let w(c) = -c. Let d(m) = 2*m - 1. Let o = 4 + -3. Let y(j) = o*d(j) + 5*w(j). Let f(g) = -g**3 - 2*g**2 + g. Let u be f(1). Calculate y(u).
5
Let c(j) = -j - 2. Let r = -12 + 8. Determine c(r).
2
Let u(l) = 13*l - 13. Let v(b) = -3*b + 3. Let s(c) = 4*u(c) + 18*v(c). Let d be 4/(-10) + 24/10. Determine s(d).
-2
Let u(r) = 35 - 8*r + r**2 - 58 + 27. Give u(3).
-11
Let t(d) = 2*d - 2*d**3 + d**3 + 0*d**2 - 3*d**2. Let i(j) = j**3 + 5*j**2 - 4. Let n be i(-5). Give t(n).
8
Let f(g) = -g**3 + 3*g**2 + 4 + 3*g + 0*g**3 - 6*g - 2. Let m be 2 - 3 - (-6 + 3). Determine f(m).
0
Let g(n) be the third derivative of 3*n**6/40 + n**4/12 + n**3/6 - 3*n**2. Suppose 5*k - 4 + 9 = 0. Calculate g(k).
-10
Let j(t) be the second derivative of t**4/12 - 7*t**3/6 + 3*t**2/2 + 41*t. Suppose 0 = -3*w - 4*r - 1 + 4, 0 = -2*w - r + 7. What is j(w)?
-7
Let k(h) = -h + 1451 - 1451. Give k(6).
-6
Let j(d) = -d**3 - 7*d**2 + d + 11. Let y(r) = r + 1. Let t(c) = j(c) - 6*y(c). Give t(-6).
-1
Let t(x) = 13*x - 22. Let p(m) = 4*m - 7. Suppose -4*l - 16 = 3*k - 2*l, 19 = -2*k - 3*l. Let f(d) = k*t(d) + 7*p(d). What is f(4)?
3
Suppose 0 = 25*x - 22*x - 9. Let k(f) be the second derivative of -6*f**2 + f + 0 - 1/6*f**x. Calculate k(-6).
-6
Let m(n) = 4 - 2 + 0 - n**2 - 1 + 4*n. Give m(5).
-4
Let y(q) be the third derivative of -q**5/60 + 5*q**4/12 - 3*q**3/2 + 7*q**2. What is y(6)?
15
Let n(a) be the third derivative of -a**6/30 - a**5/20 + a**3/6 - 2*a**2 + 13*a. Give n(-2).
21
Let k(m) be the third derivative of -5*m**2 + 3/2*m**3 + 0 - 1/24*m**4 + 0*m - 1/60*m**5. Determine k(0).
9
Let c(b) = -16*b**2 - 51*b + 34. Let y(k) = -3*k**2 - 10*k + 7. Let j(p) = -2*c(p) + 11*y(p). Give j(-9).
0
Let p(i) = 2*i**2 + 21*i + 15. Let f(t) = t**2 + 10*t + 7. Let y(c) = 9*f(c) - 4*p(c). Suppose 4*x + 8 = 2*x. What is y(x)?
-5
Let g be (-4)/(-16) - 44/(-16). Let o(s) = -5 - s + s**g + 4*s + 6 + 2*s**2. Give o(-2).
-5
Suppose -4*b - 2*f = 8, -3*f + 3 = 9. Let m be 10/2 + (-3 - b). Let p = -2 - m. Let q(k) = k**2 + 3*k - 5. Give q(p).
5
Let t(c) be the first derivative of c**2/2 - 3*c + 7. Determine t(0).
-3
Let l(b) = -b + 6. Suppose 2*g = -5*g + 70. Calculate l(g).
-4
Let j(s) = -5*s - 15. Let w(t) be the second derivative of -t**3/3 - 7*t**2/2 - t. Let n(o) = 3*j(o) - 7*w(o). Give n(5).
-1
Let g(l) = -l + 8. Let i(b) = b**2 - 2*b**2 + 2*b + 2*b**2 - 3. Let h be i(-3). What is g(h)?
8
Let m(b) = 2*b + 1. Let h = 5 + -4. Determine m(h).
3
Let j(p) = p - 3. Suppose i - 6 = -2*i. Let k be (-2)/4 + 11/i. Suppose -3*s = -k*c + 25, 2*s = 2*c - 0*c - 10. Calculate j(s).
-3
Suppose q = -2*q + 6. Let u(d) = d + 10. Let g be u(-8). Let j(f) = 2*f - 5*f**2 + f**2 + 6*f**g - 1 - 2*f**3. Give j(q).
-5
Let h(a) = 9*a - 3. Let p(w) = 4*w - 1. Let m(d) = 3*h(d) - 7*p(d). Let r = 0 - -3. Suppose r*l = 5*l. Determine m(l).
-2
Suppose -5*i - r = -6, -4*i - 16 = -4*r - 40. Let w(y) be the first derivative of -1 - 2*y - 1/2*y**i. What is w(3)?
-5
Let b(i) = i - 2. Suppose 4*g - 6 = -2*c, -2*c = -0*g + g - 3. Determine b(c).
-1
Let n = 5 - 8. Let w(l) be the third deriv